er?
False
Is 7098647 composite?
True
Is 140170831 a composite number?
True
Is 1705727 composite?
True
Is 114034439 prime?
True
Is 441266347 a composite number?
True
Is 120539 a composite number?
False
Is 67907023 a composite number?
False
Is 2831702 prime?
False
Is 346638817 prime?
False
Is 10916149 composite?
False
Is 1274709 composite?
True
Is 9948677 composite?
False
Is 573077 a composite number?
True
Is 93171773 prime?
False
Is 336273319 prime?
True
Is 11948633 a prime number?
False
Is 31381041 prime?
False
Is 16043278 a prime number?
False
Is 78170347 prime?
True
Is 121072271 a composite number?
False
Is 22098367 a prime number?
True
Is 2855557 a prime number?
True
Is 28863871 a composite number?
False
Is 34534327 composite?
True
Is 40418111 prime?
False
Is 147344473 a composite number?
False
Is 5043505 prime?
False
Is 65998579 composite?
False
Is 1211983 prime?
True
Is 548467 prime?
False
Is 273181 a composite number?
False
Is 114407815 composite?
True
Is 328477427 prime?
True
Is 9870907 composite?
False
Is 27612059 composite?
True
Is 5239347 composite?
True
Is 11948037 composite?
True
Is 69937814 a composite number?
True
Is 475925323 a composite number?
False
Is 424182673 a prime number?
True
Is 116845 prime?
False
Is 67151737 prime?
False
Is 11178577 a prime number?
False
Is 18084341 prime?
False
Is 279850807 prime?
True
Is 15298957 a composite number?
True
Is 4701913 composite?
True
Is 442508359 composite?
False
Is 783859291 prime?
True
Is 22112111 composite?
True
Is 537827749 composite?
True
Is 276655 a prime number?
False
Is 3518797 composite?
True
Is 78121 a prime number?
True
Is 4862665 a composite number?
True
Is 1141453 a prime number?
True
Is 1813423 a composite number?
True
Is 9216943 prime?
True
Is 2256589 composite?
True
Is 1147207 a composite number?
True
Is 20301353 a composite number?
False
Is 4697141 a composite number?
False
Is 910171 a composite number?
False
Is 2575913 a composite number?
True
Is 63052193 a prime number?
True
Is 63827341 prime?
False
Is 625169 a prime number?
True
Is 3203449 a composite number?
True
Is 1492658 a prime number?
False
Is 63156079 a composite number?
True
Is 2280911 composite?
False
Is 3298979 a prime number?
True
Is 19319927 prime?
False
Is 6979783 composite?
True
Is 84179957 prime?
True
Is 2217692629 composite?
False
Is 26627333 composite?
True
Is 945731 composite?
False
Is 10109443 composite?
True
Is 1965193 a prime number?
True
Is 1873679 composite?
False
Is 9631729 a composite number?
True
Is 10755761 a composite number?
True
Is 23750537 a prime number?
True
Is 182285209 a composite number?
False
Is 4721653 prime?
True
Is 40818397 prime?
False
Is 551605 prime?
False
Is 26999773 a composite number?
False
Is 2469154 a composite number?
True
Is 103400249 composite?
True
Is 5741321 prime?
True
Is 628651 composite?
False
Is 37616629 composite?
True
Is 24161209 composite?
True
Is 95620937 prime?
False
Is 195094357 a prime number?
False
Is 24339637 composite?
True
Is 2099549 composite?
False
Is 67030963 a prime number?
True
Is 1929011 a prime number?
False
Is 79658063 prime?
True
Is 20396381 a prime number?
True
Is 9520673 composite?
True
Is 1663709 a prime number?
True
Is 4668899 a prime number?
True
Is 206867249 a prime number?
True
Is 9816277 prime?
True
Is 47849446 a prime number?
False
Is 32645297 a composite number?
True
Is 39618577 composite?
False
Is 2339941 composite?
True
Is 568099 prime?
False
Is 188826391 a composite number?
True
Is 7494577 prime?
False
Is 75471427 composite?
True
Is 2846833 composite?
True
Is 4982441 a composite number?
False
Is 2809333 prime?
False
Is 27318761 composite?
True
Is 1796521 composite?
True
Is 134914123 a prime number?
False
Is 35456207 prime?
True
Is 7140031 a composite number?
False
Is 181650029 a prime number?
False
Is 757963 composite?
True
Is 303269 prime?
False
Is 351717194 prime?
False
Is 15396533 prime?
False
Is 23040961 a prime number?
False
Is 41214281 a prime number?
True
Is 23783329 prime?
False
Is 676117 composite?
True
Is 797761 a prime number?
False
Is 62583319 a prime number?
True
Is 2593039 composite?
False
Is 1068173 a composite number?
True
Is 8940769 prime?
True
Is 51387233 a composite number?
False
Is 1489781 composite?
False
Is 6927169 prime?
True
Is 2046659 composite?
True
Is 31612381 a prime number?
True
Is 1994543 composite?
False
Is 2892121 prime?
False
Is 675125611 composite?
False
Is 43188721 composite?
True
Is 5940437 a prime number?
False
Is 391735 prime?
False
Is 23352509 composite?
True
Is 41074577 a composite number?
False
Is 77045099 a prime number?
True
Is 4618793 a composite number?
True
Is 4277419 a composite number?
False
Is 92073041 a composite number?
True
Is 30134679 composite?
True
Is 120525217 composite?
False
Is 10185869 a prime number?
True
Is 3893321 prime?
False
Is 3142079 prime?
True
Is 7104343 composite?
True
Is 1894439 a composite number?
False
Is 84965677 a prime number?
False
Is 8007973 composite?
True
Is 264482843 a composite number?
True
Is 82205223 a prime number?
False
Is 55234849 a prime number?
True
Is 18025058 prime?
False
Is 53928619 a composite number?
False
Is 38416369 prime?
True
Is 67447 a composite number?
False
Is 511125155 a prime number?
False
Is 46730903 prime?
True
Is 112345 a prime number?
False
Is 5871365 prime?
False
Is 85737193 composite?
False
Is 5701967 a prime number?
False
Is 1102357 composite?
True
Is 9082421 a composite number?
True
Is 63421619 prime?
False
Is 3350453 prime?
True
Is 53658083 a composite number?
False
Is 26206259 a composite number?
False
Is 1459747 prime?
False
Is 386245 composite?
True
Is 15941581 a composite number?
True
Is 146697349 composite?
True
Is 4703287 composite?
False
Is 10122449 prime?
False
Is 14383294 a composite number?
True
Is 3070961 composite?
False
Is 12941371 a composite number?
False
Is 152995621 a composite number?
False
Is 838193 a prime number?
True
Is 100404059 prime?
False
Is 29241937 a prime number?
True
Is 21439021 a composite number?
True
Is 334986501 a composite number?
True
Is 93608923 composite?
False
Is 33810649 composite?
True
Is 95546921 a prime number?
False
Is 2214319 a prime number?
True
Is 19777649 a prime number?
True
Is 49442257 a prime number?
False
Is 31902667 prime?
True
Is 38736553 prime?
True
Is 5094317 a composite number?
True
Is 7288429 a composite number?
False
Is 2955937 a composite number?
True
Is 559441 composite?
True
Is 1006592129 composite?
False
Is 32565583 composite?
True
Is 95831947 composite?
False
Is 631973 composite?
True
Is 321683203 prime?
True
Is 4458473 composite?
False
Is 19385407 a composite number?
True
Is 940081 a composite number?
True
Is 1058857 composite?
True
Is 2425301 a prime number?
True
Is 7118193 prime?
False
Is 86631253 composite?
False
Is 1196797 a prime number?
False
Is 2798503 prime?
True
Is 6182489 a prime number?
False
Is 370379 a prime number?
False
Is 3773911 composite?
False
Is 948133 composite?
False
Is 2790841 composite?
False
Is 5162431 prime?
False
Is 11679683 prime?
True
Is 34271551 composite?
False
Is 5618027 a prime number?
True
Is 125707 a composite number?
False
Is 31041121 composite?
False
Is 2362186 composite?
True
Is 64271467 prime?
False
Is 10125913 prime?
False
Is 3612571 a composite number?
True
Is 105450979 a composite number?
False
Is 1782043 prime?
True
Is 27088447 composite?
False
Is 552649 prime?
True
Is 133000549 a prime number?
False
Is 522919 a prime number?
True
Is 13040059 a composite number?
False
Is 5393261 composite?
False
Is 15916783 composite?
True
Is 2340119 prime?
True
Is 22583089 a composite number?
True
Is 427486181 prime?
False
Is 259069 composite?
True
Is 46264409 composite?
False
Is 594817 a composite number?
True
Is 154571773 composite?
False
Is 46498807 composite?
True
Is 2783717 a composite number?
False
Is 114906163 a prime number?
True
Is 7093391 a prime number?
True
Is 1134977 a composite number?
False
Is 243458603 a composite number?
True
Is 76481573 prime?
False
Is 72026057 a prime number?
True
Is 211109749 prime?
True
Is 302939537 a prime number?
True
Is 45032327 a composite number?
False
Is 367748987 a composite number?
False
Is 15424109 composite?
False
Is 113487463 prime?
True
Is 52318403 a composite number?
True
I